ime number?
False
Is 7603 a composite number?
False
Is 1538569 prime?
True
Is 117647 a composite number?
True
Is 116773 a prime number?
False
Is 81163 a prime number?
True
Is 8419 a prime number?
True
Is 19563 prime?
False
Is 7993 prime?
True
Is 6243 a composite number?
True
Is 39583 a composite number?
True
Is 51443 a prime number?
False
Is 542167 a prime number?
True
Is 4637 prime?
True
Is 639519 prime?
False
Is 9007 composite?
False
Is 384959 composite?
True
Is 65787 a composite number?
True
Is 15401 prime?
True
Is 15727 composite?
False
Is 60373 a prime number?
True
Is 1288201 prime?
True
Is 443 prime?
True
Is 17401 a composite number?
False
Is 92429 prime?
False
Is 727261 a prime number?
True
Is 87229 a prime number?
False
Is 252307 a prime number?
False
Is 4643 prime?
True
Is 921491 prime?
True
Is 20323 a prime number?
True
Is 7901 prime?
True
Is 19641 composite?
True
Is 1101211 a prime number?
True
Is 30959 a prime number?
False
Is 7111 a composite number?
True
Is 53189 a prime number?
True
Is 625969 composite?
False
Is 39677 a prime number?
False
Is 18947 a composite number?
False
Is 598163 a composite number?
False
Is 365951 a composite number?
True
Is 11269 composite?
True
Is 377831 prime?
True
Is 99403 a composite number?
True
Is 49871 a composite number?
False
Is 52727 prime?
True
Is 16421 a prime number?
True
Is 45029 composite?
True
Is 732097 composite?
False
Is 1077449 composite?
False
Is 191339 a prime number?
True
Is 15959 a prime number?
True
Is 58817 a composite number?
True
Is 4373 a composite number?
False
Is 611 composite?
True
Is 9511 a prime number?
True
Is 753611 a composite number?
False
Is 30193 a prime number?
False
Is 1811 a composite number?
False
Is 14143 a prime number?
True
Is 562387 composite?
True
Is 4759 prime?
True
Is 66643 a composite number?
False
Is 99079 composite?
False
Is 1305947 composite?
False
Is 198411 composite?
True
Is 5969 a composite number?
True
Is 12863 a prime number?
False
Is 18859 a prime number?
True
Is 208867 a prime number?
False
Is 50665 prime?
False
Is 7472759 a prime number?
False
Is 225119 prime?
True
Is 88843 prime?
True
Is 107563 composite?
False
Is 718511 a composite number?
False
Is 184019 composite?
True
Is 156083 prime?
False
Is 11983 composite?
True
Is 158513 a prime number?
False
Is 23501 composite?
True
Is 3983 prime?
False
Is 5991 prime?
False
Is 306209 a composite number?
False
Is 5493 prime?
False
Is 120799 composite?
True
Is 23857 composite?
False
Is 77633 a composite number?
True
Is 2477579 a prime number?
False
Is 13649 a composite number?
False
Is 7195 prime?
False
Is 80843 prime?
False
Is 6326 prime?
False
Is 149673 composite?
True
Is 1523 prime?
True
Is 2251 a composite number?
False
Is 659587 a composite number?
True
Is 292841 a prime number?
True
Is 681893 prime?
False
Is 110507 composite?
True
Is 1378555 a composite number?
True
Is 216829 a prime number?
True
Is 101627 a composite number?
False
Is 16673 a prime number?
True
Is 631 composite?
False
Is 1318 composite?
True
Is 973645 a prime number?
False
Is 103099 prime?
True
Is 4951 composite?
False
Is 727541 prime?
True
Is 34883 composite?
False
Is 2978783 composite?
False
Is 432923 a composite number?
False
Is 989 a prime number?
False
Is 124373 a composite number?
True
Is 159787 a composite number?
False
Is 140717 prime?
True
Is 2078 a composite number?
True
Is 422353 a prime number?
True
Is 13046383 a prime number?
False
Is 347003 prime?
True
Is 22433 a prime number?
True
Is 70373 prime?
True
Is 2445037 a composite number?
True
Is 293983 a composite number?
False
Is 3541 a composite number?
False
Is 354121 a prime number?
True
Is 101737 a prime number?
True
Is 921 composite?
True
Is 7121 composite?
False
Is 1039 a composite number?
False
Is 4399 composite?
True
Is 108487 a composite number?
True
Is 20761 composite?
True
Is 26551 prime?
False
Is 111751 a prime number?
True
Is 21787 composite?
False
Is 26021 prime?
True
Is 9257 a composite number?
False
Is 347614 a composite number?
True
Is 28115 a prime number?
False
Is 193357 prime?
True
Is 55135 a prime number?
False
Is 205391 a composite number?
False
Is 17021 a prime number?
True
Is 12187 a prime number?
False
Is 39779 prime?
True
Is 56423 composite?
True
Is 58831 composite?
False
Is 6197 composite?
False
Is 19841 a composite number?
False
Is 7019 a composite number?
False
Is 4589 prime?
False
Is 1373959 composite?
False
Is 9103 a prime number?
True
Is 12403 a composite number?
True
Is 384611 composite?
False
Is 98386 prime?
False
Is 20693 prime?
True
Is 5897 a composite number?
False
Is 238397 a prime number?
True
Is 110009 composite?
True
Is 1478887 a prime number?
True
Is 142963 a prime number?
True
Is 7279 a prime number?
False
Is 66271 a composite number?
False
Is 13021 a composite number?
True
Is 356921 a composite number?
True
Is 160343 a prime number?
True
Is 3631 a composite number?
False
Is 35809 prime?
True
Is 34721 a composite number?
False
Is 5893 a prime number?
False
Is 2285 a prime number?
False
Is 137905 a composite number?
True
Is 1507 composite?
True
Is 2503 a prime number?
True
Is 15727 a prime number?
True
Is 10765 composite?
True
Is 26009 prime?
False
Is 243313 a composite number?
True
Is 589049 a prime number?
True
Is 26831 a prime number?
False
Is 28151 a prime number?
True
Is 785 a prime number?
False
Is 115969 a composite number?
True
Is 148353 composite?
True
Is 43557 prime?
False
Is 1902671 a prime number?
True
Is 107021 composite?
False
Is 10715 composite?
True
Is 141299 prime?
False
Is 71303 prime?
False
Is 1062907 composite?
False
Is 1517 a composite number?
True
Is 624089 composite?
False
Is 30451 composite?
True
Is 1657 a prime number?
True
Is 869629 a composite number?
True
Is 690719 composite?
False
Is 30593 a prime number?
True
Is 109885 a composite number?
True
Is 24627 composite?
True
Is 84991 a composite number?
False
Is 8999 prime?
True
Is 777191 a prime number?
True
Is 31883 a composite number?
False
Is 26903 a composite number?
False
Is 739579 a composite number?
False
Is 33101 prime?
False
Is 272477 a prime number?
True
Is 21341 a prime number?
True
Is 5261983 prime?
True
Is 23971 a prime number?
True
Is 886421 a prime number?
True
Is 11747 a composite number?
True
Is 467 prime?
True
Is 9267 prime?
False
Is 65951 a prime number?
True
Is 454 a prime number?
False
Is 5261 prime?
True
Is 695801 a composite number?
False
Is 1977 a prime number?
False
Is 6197 composite?
False
Is 27361 a prime number?
True
Is 269287 prime?
False
Is 4627 prime?
False
Is 15227 composite?
False
Is 384143 a composite number?
False
Is 20443 composite?
False
Is 19807 prime?
False
Is 1711 composite?
True
Is 29773 a prime number?
False
Is 3899 a composite number?
True
Is 6581 composite?
False
Is 28349 prime?
True
Is 20506 a prime number?
False
Is 2516761 composite?
True
Is 1282571 composite?
False
Is 666071 a composite number?
True
Is 1338319 prime?
True
Is 87481 prime?
True
Is 1475461 prime?
False
Is 360123 a composite number?
True
Is 34459 composite?
True
Is 2591083 prime?
False
Is 20089 composite?
False
Is 5897 prime?
True
Is 43477 composite?
True
Is 293 prime?
True
Is 3097 prime?
False
Is 13997 prime?
True
Is 41399 a composite number?
False
Is 1837 a composite number?
True
Is 4391 composite?
False
Is 94513 a prime number?
True
Is 2039407 a composite number?
False
Is 7981 prime?
False
Is 91753 composite?
False
Is 219499 prime?
False
Is 1157473 prime?
False
Is 62683 prime?
True
Is 484361 prime?
True
Is 1113565 prime?
False
Is 6143 a prime number?
True
Is 1034321 a prime number?
False
Is 57871 composite?
True
Is 736691 composite?
False
Is 3754715 a prime number?
False
Is 1512479 composite?
False
Is 20182 prime?
False
Is 77639 a composite number?
True
Is 34163 a composite number?
True
Is 20141 composite?
True
Is 239006 prime?
False
Is 571514 a prime number?
False
Is 68851 a prime number?
False
Is 292069 a composite number?
False
Is 12494 a prime number?
False
Is 3587 a prime number?
False
Is 2462783 composite?
False
Is 2041627 composite?
True
Is 72949 prime?
True
Is 2340357 composite?
True
Is 2413 a prime number?
False
Is 1342519 prime?
True
Is 129773 prime?
False
Is 194027 prime?
True
Is 30985 a prime number?
False
Is 196271 prime?
True
